w**2 - 4*w + 4. Calculate s(1).
-80
Let v(l) = -l**3 - 6*l**2 + 5*l - 10. Determine v(-7).
4
Let b(f) = 68*f - 753. Give b(11).
-5
Let l(v) = -v**2 - 8*v + 3. Calculate l(-11).
-30
Let w(q) = q**3 - 19*q**2 - 21*q - 2. Calculate w(20).
-22
Let m(h) = -6*h**2 - 4*h - 4. What is m(-3)?
-46
Let v(g) = 18*g - 7. What is v(-1)?
-25
Let u(l) = l + 40. Calculate u(0).
40
Let q(m) = m**3 - 7*m**2 - 2*m - 10. Determine q(7).
-24
Let j(s) = -42*s - 1. Calculate j(2).
-85
Let b(c) = c + 15. Calculate b(-16).
-1
Let x(f) = -f**2 + 7*f - 2. Give x(7).
-2
Let x(t) = -t**3 + 9*t**2 + 34*t + 28. Give x(12).
4
Let t(f) = 6*f + 102. What is t(-18)?
-6
Let r(v) = -v**3 - 2*v**2 + 2*v. Calculate r(3).
-39
Let u(y) = 2*y**2 - 8*y - 14. Give u(-3).
28
Let q(n) = 79*n - 796. What is q(10)?
-6
Let f(x) = x**2 - 8*x - 10. Give f(7).
-17
Let n(f) = -f + 4. Determine n(7).
-3
Let l(a) = -a**3 + 17*a**2 - 29*a - 19. Calculate l(15).
-4
Let m(u) = -3*u**3 + 16*u**2 + 7*u + 38. Calculate m(6).
8
Let x(j) = j**2 - 11*j - 8. What is x(9)?
-26
Let h(m) = m**2 - 8*m - 16. Determine h(-12).
224
Let m(z) = -2*z - 3. Give m(-5).
7
Let j(a) = a**3 - 18*a**2 + 21*a - 41. What is j(17)?
27
Let t(f) = -f**3 - 12*f**2 - 9*f + 28. Determine t(-11).
6
Let k(t) = -t**2 - 16. What is k(-6)?
-52
Let s(r) = 27*r + 163. Give s(-6).
1
Let d(y) = 16*y**2 + 2*y + 1. What is d(-1)?
15
Let d(z) = -5*z - 30. What is d(-7)?
5
Let w(r) = r**3 - r**2 - 5*r + 4. Determine w(3).
7
Let q(h) = h - 7. Determine q(18).
11
Let i(j) = -2*j - 1. Determine i(5).
-11
Let r(n) = -n**2 - 11*n - 19. Determine r(-9).
-1
Let x(d) = 3*d + 17. Calculate x(-6).
-1
Let f(z) = -z - 6. What is f(-5)?
-1
Let r(z) = -z**3 - 4*z**2 - z + 4. Calculate r(-4).
8
Let x(i) = i**2 - 9*i + 25. Give x(8).
17
Let l(g) = 6*g - 7. What is l(-4)?
-31
Let n(m) = 8*m + 2. What is n(-6)?
-46
Let s(d) = 5*d - 13. Determine s(13).
52
Let d(w) = w + 19. Give d(-16).
3
Let q(i) = i**3 - 13*i**2 + 13*i - 15. Calculate q(12).
-3
Let l(k) = k**2 - 7*k + 12. Give l(5).
2
Let q(p) = 3*p**2 + 4*p - 27. What is q(4)?
37
Let l(j) = j**3 + 15*j**2 + 20. Determine l(-15).
20
Let g(f) = f**3 + 5*f**2 - 3*f + 7. Give g(-6).
-11
Let b(w) = w**2 + 2*w + 6. Determine b(-8).
54
Let b(v) = v**2 - 21*v - 20. What is b(22)?
2
Let i(s) = -s + 55. Calculate i(21).
34
Let t(r) = -7*r + 25. Give t(-5).
60
Let c(z) = z**2 + 11*z - 9. Determine c(-10).
-19
Let k(n) = 31*n - 1. What is k(1)?
30
Let x(g) = 3*g - 8. Determine x(-3).
-17
Let p(h) = h**3 - 25*h**2 - 52*h - 63. What is p(27)?
-9
Let z(s) = -2*s**2 + 45*s - 105. Calculate z(20).
-5
Let h(r) = 9*r**2 + 3*r + 4. Calculate h(-1).
10
Let v(u) = -49*u - 345. Give v(-7).
-2
Let o(t) = 11*t + 159. Determine o(-13).
16
Let u(a) = a**3 + 12*a**2 + 11*a - 15. Calculate u(-11).
-15
Let m(x) = 20*x - 6. Determine m(1).
14
Let l(b) = b**2 + 11*b + 24. Determine l(-8).
0
Let r(u) = -u**2 - 9*u + 11. Give r(-10).
1
Let n(i) = 7*i**3 - 2*i**2 - 2*i - 1. Determine n(-1).
-8
Let n(a) = a**2 - 16*a - 130. What is n(22)?
2
Let a(m) = m**2 - 9*m + 12. What is a(8)?
4
Let k(f) = f**2 - 4*f + 9. Calculate k(4).
9
Let c(t) = -2*t + 10. What is c(5)?
0
Let o(q) = -2*q - 5. Determine o(-4).
3
Let r(m) = -m**2 - 22*m - 141. Calculate r(-13).
-24
Let l(h) = h**3 - 15*h**2 + 2*h + 161. Determine l(14).
-7
Let i(h) = 2*h**3 - 2*h**2 - 4*h - 3. Determine i(3).
21
Let r(n) = -n**3 - 17*n**2 + 3*n + 51. Give r(-17).
0
Let q(i) = -i**2 + 28*i + 32. Calculate q(29).
3
Let q(g) = 2*g - 8. Calculate q(-5).
-18
Let r(h) = 2*h - 118. Determine r(38).
-42
Let l(k) = -k**2 + 28*k + 432. Determine l(39).
3
Let u(p) = p**2 + p + 3. Give u(0).
3
Let n(q) = -25*q + 164. What is n(7)?
-11
Let y(r) = -3*r - 3. Calculate y(5).
-18
Let x(m) = -m + 2. Calculate x(0).
2
Let r(z) = z**2 + 10*z - 52. Determine r(-14).
4
Let q(y) = -y**2 - 5*y + 8. What is q(-6)?
2
Let c(x) = -x**2 + 4*x + 5. Give c(7).
-16
Let t(v) = 24*v**2 - 45*v - 2. What is t(2)?
4
Let x(n) = -n**2 - 12*n + 13. Determine x(-14).
-15
Let s(w) = 8*w**2 - 7*w + 5. Give s(2).
23
Let t(v) = -v**3 + 7*v**2 + 2*v - 15. Calculate t(7).
-1
Let i(g) = 9*g**2 - 151*g - 37. What is i(17)?
-3
Let p(o) = 2*o**2 - 7. What is p(-6)?
65
Let f(y) = 7*y + 57. What is f(-8)?
1
Let b(o) = -o**2 - 2*o + 1. Determine b(-3).
-2
Let w(h) = h**2 + 11*h - 1. Calculate w(-10).
-11
Let q(v) = -v**2 + 11. Calculate q(-8).
-53
Let k(o) = o**2 - 18*o - 5. What is k(18)?
-5
Let n(q) = -13*q - 7. What is n(1)?
-20
Let x(z) = -z**3 + z**2. Calculate x(-3).
36
Let y(t) = t**3 + 13*t**2 + 10*t - 20. Calculate y(-12).
4
Let c(b) = b**3 - 4*b - 3. Calculate c(-2).
-3
Let g(u) = -60*u - 2. Calculate g(0).
-2
Let h(t) = 3*t**2 - 15*t + 8. Determine h(4).
-4
Let u(r) = 126*r**3 + r. What is u(-1)?
-127
Let o(k) = -2*k - 82. Give o(-5).
-72
Let b(h) = -2*h**3 - 5*h**2 - 6*h - 15. Give b(-3).
12
Let l(x) = x**3 + 2*x**2 - x - 3. Determine l(-3).
-9
Let k(q) = 2*q - 34. What is k(14)?
-6
Let f(n) = 7*n - 11. Give f(8).
45
Let z(j) = -j - 25. What is z(-24)?
-1
Let m(b) = -10*b + 39. Calculate m(3).
9
Let s(f) = f**2 + 11*f - 7. Determine s(-12).
5
Let h(z) = z**2 - 16*z - 25. Give h(14).
-53
Let d(n) = -n + 43. Calculate d(7).
36
Let n(p) = -p**3 - 8*p**2 + p - 7. What is n(-8)?
-15
Let u(g) = -2*g + 4. What is u(3)?
-2
Let u(a) = -a**2 + 4*a + 91. Calculate u(-8).
-5
Let g(c) = -c + 1. What is g(-1)?
2
Let p(y) = -4*y + 48. What is p(13)?
-4
Let r(y) = y**2 + 10*y - 12. Give r(-7).
-33
Let k(i) = 5*i + 90. Calculate k(-18).
0
Let v(i) = 7*i - 72. What is v(11)?
5
Let p(i) = -i**3 - 3*i**2 - 2*i - 5. Determine p(-3).
1
Let r(t) = -t**3 + 4*t**2 + t. Calculate r(3).
12
Let j(d) = d**3 + 5*d**2 - 4*d + 3. Calculate j(-6).
-9
Let m(f) = -2*f**3 + f**2 + f + 1. What is m(2)?
-9
Let m(d) = 20*d - 177. Give m(9).
3
Let g(w) = -35*w**2 + 7*w + 5. Determine g(-1).
-37
Let t(x) = -3*x - 34. Determine t(-9).
-7
Let m(f) = f**2 - 18. What is m(6)?
18
Let f(x) = 3*x - 16. Calculate f(6).
2
Let t(p) = -2*p**3 + 47*p**2 - 20*p - 52. Give t(23).
17
Let k(m) = 9*m + 1. Give k(-2).
-17
Let h(u) = -u**3 + 17*u**2 - 45*u + 28. Determine h(14).
-14
Let n(s) = s**3 - 7*s**2 - s + 1. Calculate n(7).
-6
Let j(x) = 14*x + 79. Give j(-6).
-5
Let y(d) = d**3 - 5*d**2 + 2*d - 2. Calculate y(5).
8
Let n(y) = -27*y**2 - 7*y - 7. What is n(-3)?
-229
Let t(n) = -n**2 - 8*n + 50. Determine t(-12).
2
Let a(z) = -z**3 - 6*z**2 - 5*z + 7. Calculate a(-4).
-5
Let x(f) = 6*f + 12. Calculate x(-5).
-18
Let p(f) = 8*f**2 - 2. What is p(-1)?
6
Let i(h) = 2*h**3 - 11*h**2 + h - 5. What is i(4)?
-49
Let u(f) = -f**2 - 19*f + 117. Determine u(6).
-33
Let x(w) = w**3 - 12*w**2 + 10*w + 9. Determine x(11).
-2
Let g(d) = -d**3 - 8*d**2 - 2*d + 7. Calculate g(-5).
-58
Let q(o) = 58*o**2 + 14*o - 14. Determine q(1).
58
Let i(u) = -u**3 - 9*u - 21. Give i(-2).
5
Let h(c) = -74*c - 372. What is h(-5)?
-2
Let r(i) = 134*i**3 + i**2 - 2*i - 2. Determine r(-1).
-133
Let c(j) = j**2 + 27*j + 89. Calculate c(-21).
-37
Let s(y) = -y + 2. Calculate s(-9).
11
Let f(u) = -u**2 + 6*u - 22. Determine f(3).
-13
Let p(d) = d**2 + 23*d + 9. Determine p(-18).
-81
Let p(h) = -h**3 - 5*h**2 - 4*h - 2. What is p(-5)?
18
Let t(x) = -2*x + 16. Give t(-10).
36
Let z(f) = -f**3 + f**2 + 6*f - 2. Calculate z(5).
-72
Let u(l) = l**3 + 19*l**2 - 20*l - 10. Determine u(-20).
-10
Let o(m) = m**3 + 17*m**2 + 14*m - 40. Determine o(-16).
-8
Let l(a) = -20*a**2 + 3*a. Calculate l(-1).
-23
Let t(j) = j**3 + 5*j**2 + 3*j + 6. What is t(-4)?
10
Let c(m) = -20*m - 129. Determine c(-7).
11
Let u(r) = 2*r - 12. Determine u(-8).
-28
Let d(m) = 101*m - 710. Give d(7).
-3
Let j(a) = 2*a**3 - 17*a**2 + 5*a + 6. Determine j(8).
-18
Let v(s) = -7*s + 22. Give v(9).
-41
Let h(a) = -a + 5. Give h(11).
-6
Let u(t) = 6*t - 95. Give u(17).
7
Let h(l) = -l**2 + 32*l - 236. Determine h(21).
-5
Let l(j) = j**3 - 16*j**2 + 15*j - 5. Calculate l(15).
-5
Let a(n) = n**3 + 2*n**2 - 4*n - 2. Determine a(-3).
1
Let v(m) = -9*m**2 - 11*m + 3. Calculate v(-3).
-45
Let l(r) = r**2 + 8*r - 2. Give l(-9).
7
Let s(z) = -10*z**2 - 8*z + 13. What is s(1)?
-5
Let j(t) = -t**3 - 10*t**2 + 11*t - 8. Calculate j(-11).
-8
Let i(u) = -2*u + 7. What is i(9)?
-11
Let t(w) = -w**3 + 7*w**2 + 34*w + 1. What is t(10)?
41
Let g(l) = l**3 + 8*l**2 - 3*l